s the highest common factor of l and 8?
8
Let s(n) = n - 5*n + 2*n - 10. Let b(t) = -t**2 - 3*t - 3. Let m be b(-4). Let x be s(m). What is the greatest common divisor of 1 and x?
1
Suppose 4*s = 3 - 7, w = -3*s + 148. Suppose 73 = 3*v + 2*q, -5*v = -6*q + 2*q - w. Suppose -18 = -4*j - 6. What is the greatest common factor of j and v?
3
Let o be ((-18)/(-45))/(1/(-5)). Let h be (-5075)/(-21) + o/(-6). Calculate the greatest common factor of 22 and h.
22
Let v = -19 - -38. Suppose -4*r + 13 = -v. Suppose 0*f - r = -2*f. What is the highest common factor of 10 and f?
2
Let h be (-2)/(-2)*58 + -3. What is the greatest common factor of 11 and h?
11
Let k = -44 + 184. What is the greatest common factor of k and 20?
20
Let g(z) be the third derivative of z**5/60 - 2*z**2. Let y be g(-2). Let n(k) = k**2 + k - 2. Let f be n(y). Calculate the greatest common factor of 126 and f.
18
Suppose 3*d - 7 = -l, 3*d = 2*d + l + 9. Suppose -4*p + z - d = -3*z, 3*z = -4*p + 24. Suppose p*y = 7*y - 76. What is the highest common divisor of 95 and y?
19
Let b be 6/14 - 1455/(-35). What is the greatest common divisor of 14 and b?
14
Let u(q) = -q + 2. Let s be u(-3). Let y = -1 - s. Let k be 8/3 + y/(-18). What is the highest common factor of 2 and k?
1
Suppose -x = -3*x + 46. Let b = x + -7. Let n(d) = d**2 + 2*d - 8. Let z be n(-6). What is the greatest common divisor of b and z?
16
Suppose -16 = -4*o - 12. Let g be (o - -2) + 9 + 2. Let z = -3 - -31. What is the greatest common divisor of z and g?
14
Let t(r) = 4*r**3 - 4. Let j be t(2). What is the greatest common divisor of 98 and j?
14
Suppose -2*z + 3*f + 54 = 0, -z = -3*f - 23 - 10. What is the highest common factor of z and 63?
21
Suppose -5*m + q + 40 = 0, 0 = -4*q - 0*q. What is the greatest common divisor of 64 and m?
8
Suppose -5 = -k - 2. Let b(m) = -m**3 + 5*m**2 - 3*m. Let f be b(k). Calculate the greatest common factor of 1 and f.
1
Let w be (30/(-12) - -2)*-14. Calculate the highest common factor of 21 and w.
7
Let w = 370 - 262. What is the greatest common factor of 36 and w?
36
Suppose -2*a + 23 = 3*i, -a = -5*a + i + 67. Let n = 0 - -7. Let z(s) = s**2 - 6*s - 3. Let l be z(n). Calculate the greatest common factor of l and a.
4
Suppose 35*u = 31*u + 20. Let y be (-6)/(-4)*(-2)/(-1). Suppose -s + y*w + 49 = 0, -4*s + 0*w + 5*w + 175 = 0. Calculate the greatest common divisor of s and u.
5
Let w = 8 - 6. Suppose w*x - j = -2*x + 387, x = -j + 103. Let v be 1 - -1 - (0 - 12). What is the highest common factor of x and v?
14
Let a = -5 - -9. Suppose a*v - 313 = -5. Let t(m) = 2*m**2 - 4*m + 1. Let o be t(3). What is the greatest common divisor of o and v?
7
Let g = 34 - 32. Let d(a) = -2*a - 3. Let k = 4 + -7. Let j be d(k). What is the greatest common factor of g and j?
1
Suppose -c - 400 = -6*c. What is the highest common factor of 10 and c?
10
Let a be (-1)/(-3) - 64/(-6). Let g(r) = 2*r**2 + 5*r + 11. Suppose -4*c + 0*c = 32. Let q be g(c). Calculate the greatest common factor of q and a.
11
Let g(j) = -j + 36. Let s be g(-18). What is the greatest common divisor of 9 and s?
9
Let v be 13/(-2)*4/1. Let i = 150 + v. What is the highest common divisor of i and 31?
31
Let a be -1 - (-1 + -3 + 2). Let t be (-2)/((-4)/14) - a. Let x be 200/14 - t/21. Calculate the greatest common factor of 28 and x.
14
Let g(m) = -m**2 - 4*m + 2. Let c be g(-4). Suppose 0 = -2*u - 3*r + 10, 4*r + 2 = 6*u - u. What is the highest common divisor of u and c?
2
Suppose 4*s + 12 = -12. Let o(l) = l**2 + 5*l - 3. Let x be o(s). What is the greatest common divisor of x and 21?
3
Suppose -12 = -6*x + 9*x. Let h be ((-575)/(-10))/((-2)/x). What is the highest common divisor of 23 and h?
23
Suppose 5 + 337 = 6*s. Calculate the greatest common divisor of 38 and s.
19
Let g = 126 - 116. Calculate the highest common factor of 10 and g.
10
Let t be 0 - -1 - 3/(-3). Suppose -24 = 5*f - 44. Calculate the greatest common factor of t and f.
2
Suppose -59 + 5 = -2*r. Calculate the greatest common divisor of 9 and r.
9
Suppose -9 = -3*s - 0, 0 = -2*x + s - 3. Suppose x*o = -4*u + 3*o + 104, -4*u = 4*o - 132. What is the highest common factor of u and 232?
29
Suppose 14*z + 3 = 31. Let r be 1/(-2)*-32*1. What is the greatest common factor of z and r?
2
Suppose 0 = a + 1, 2*p = -0*a + 5*a + 63. Calculate the greatest common divisor of 145 and p.
29
Suppose -28 - 17 = -5*m. Let d be (-164)/m - 8/(-36). Let a = d + 30. Calculate the highest common factor of 60 and a.
12
Let p = 244 + -100. Calculate the greatest common divisor of 18 and p.
18
Suppose -28 = -4*v + 2*v. Suppose 5*z + 14 = 39. Suppose 15 = z*k - 20. Calculate the greatest common divisor of k and v.
7
Let n(d) = 2*d**3 + d**2 + 55. Let w be n(0). Calculate the greatest common divisor of 11 and w.
11
Suppose 0 = -2*b - 4*k - k + 12, -3*k - 6 = -b. Calculate the greatest common factor of 12 and b.
6
Suppose -7*o + 8*o = 6. Let a be (-32)/((-3)/(-9)*-2). Calculate the highest common divisor of o and a.
6
Let v = 29 + -17. Let g be 45 + (-3 + v)/3. What is the greatest common divisor of g and 24?
24
Suppose 8*a - 3*a - 15 = 0. What is the greatest common factor of a and 9?
3
Suppose 2*a + 0*p - 80 = 4*p, 35 = 2*a + 5*p. Calculate the highest common factor of 60 and a.
30
Let v(m) = -m**2 + 13*m - 2. Let t be ((-11)/(-2))/((-1)/(-2)). Let y be v(t). Suppose 5*p = 10 + y. What is the highest common divisor of 24 and p?
6
Suppose -3*s = -4*m - 32, 4*s - 28 - 8 = 2*m. Let c be ((-6)/(-8))/((-4)/(-256)). What is the highest common divisor of s and c?
8
Let d(l) = l**2 + l + 2. Let s be d(-4). Suppose -4*j = -4*o, -4 = 5*o - s. Suppose 109 + 21 = j*p. What is the greatest common divisor of p and 13?
13
Let t = -14 - 25. Let k = 71 + t. Let o be 110/7 - (-4)/14. What is the highest common factor of o and k?
16
Let n = 78 + -41. Suppose -q + 96 = -n. Calculate the greatest common divisor of q and 19.
19
Let u be (12 - 18)/((-2)/40). Calculate the greatest common divisor of 24 and u.
24
Suppose 3*w + 3*b = -b + 8, 0 = 5*w - b - 44. Suppose 0 = z + z - w. Let k be (-4 + 1)*(3 - z). Calculate the greatest common divisor of k and 27.
3
Suppose y + 254 = 3*h, -37*h + 33*h - y = -334. Calculate the highest common factor of 21 and h.
21
Suppose 1004 + 1876 = 20*q. Suppose 63 = w + 2*w - 3*r, 2*r = -4*w + 54. Calculate the greatest common factor of q and w.
16
Suppose -5*j + 32 = 7. Suppose -21 = -j*z + 104. What is the greatest common factor of z and 10?
5
Suppose 3*c - 1 = 2. Let u be 5 + 1*(1 + c). What is the greatest common divisor of 7 and u?
7
Suppose 0*z + 2*z - 3*k = 25, -34 = -3*z + k. Calculate the highest common divisor of 33 and z.
11
Let j(s) = 13*s**2 - 5*s + 5. Let f be j(1). Calculate the greatest common divisor of f and 195.
13
Suppose -5*i + i + 116 = 4*m, 3*m - 62 = 2*i. What is the greatest common divisor of m and 6?
6
Let s(m) = 4*m. Let f be s(1). Let l be ((-5)/(-2))/(f/40). Let t be (30/l)/((-6)/(-20)). Calculate the highest common factor of t and 2.
2
Let o = 2 + 0. Suppose 0 = -0*s + o*s - 176. What is the greatest common factor of 11 and s?
11
Let t be (-2)/3 + (-68)/(-12). Suppose q = -t*q + 72. Calculate the highest common factor of 18 and q.
6
Suppose 0 = -2*f + 3*f - 45. Suppose -3*i + 0*i - f = 0. Let g = 27 + i. Calculate the greatest common factor of g and 12.
12
Let c = 8 - 7. Let o(h) = 24*h**2 - h + 1. Let x be o(c). What is the highest common divisor of 12 and x?
12
Suppose m = -4*w + 20, 0*m - m = -3*w + 8. Let o be (50/w)/5*54. Calculate the highest common factor of 15 and o.
15
Let u(f) = -57*f - 3. Let b be u(-1). What is the greatest common divisor of 594 and b?
54
Let g(q) = -q**3 + 6*q**2 + 10*q - 10. Let x be g(7). What is the highest common factor of x and 11?
11
Let q = 148 - 40. Calculate the highest common factor of q and 12.
12
Suppose 3*h - 19 - 62 = 0. Let o be -1*1 + (-2)/(-1). Let w(r) = 2*r**2 + r. Let j be w(o). Calculate the highest common factor of j and h.
3
Let w be 37 + -1 - 0/2. Let c = -11 + 16. Suppose 2*q - 11 = -c*j + 28, 0 = -5*q - 15. Calculate the greatest common factor of j and w.
9
Let b = 67 - 27. Let p = 75 - b. What is the highest common divisor of p and 5?
5
Let h = 70 + 5. Let a(f) = f**3 + 6*f**2 + 2*f. Let y be a